t of 841958151?
1
What is the thousands digit of 84866235?
6
What is the thousands digit of 172005060?
5
What is the units digit of 117921908?
8
What is the millions digit of 278774648?
8
What is the ten thousands digit of 30363550?
6
What is the hundred thousands digit of 1121480947?
4
What is the billions digit of 3287522893?
3
What is the hundred thousands digit of 965986076?
9
What is the thousands digit of 1612674296?
4
What is the hundreds digit of 7008586371?
3
What is the ten thousands digit of 74470316?
7
What is the ten millions digit of 502588531?
0
What is the ten millions digit of 145858983?
4
What is the millions digit of 104655210?
4
What is the ten millions digit of 343917329?
4
What is the tens digit of 92158078?
7
What is the ten millions digit of 608162192?
0
What is the ten thousands digit of 3782984466?
8
What is the hundreds digit of 52773772?
7
What is the millions digit of 603481920?
3
What is the ten millions digit of 2250053774?
5
What is the ten thousands digit of 78137110?
3
What is the hundred thousands digit of 25818671?
8
What is the millions digit of 207581286?
7
What is the hundreds digit of 37000332?
3
What is the millions digit of 1730668?
1
What is the ten millions digit of 47956273?
4
What is the hundreds digit of 350192271?
2
What is the ten millions digit of 55080877?
5
What is the ten thousands digit of 10582214?
8
What is the hundred millions digit of 2304622793?
3
What is the tens digit of 10205258?
5
What is the hundreds digit of 2877401018?
0
What is the hundreds digit of 1996858896?
8
What is the ten millions digit of 33260666?
3
What is the ten millions digit of 520143405?
2
What is the units digit of 3408615?
5
What is the thousands digit of 2009866428?
6
What is the tens digit of 46413620?
2
What is the millions digit of 83810264?
3
What is the millions digit of 2878834185?
8
What is the billions digit of 1892422586?
1
What is the units digit of 379519884?
4
What is the thousands digit of 1452005043?
5
What is the units digit of 4384673?
3
What is the tens digit of 265654323?
2
What is the millions digit of 193297442?
3
What is the tens digit of 7698005879?
7
What is the ten millions digit of 435917615?
3
What is the hundred thousands digit of 2489706342?
7
What is the hundreds digit of 837563309?
3
What is the units digit of 424891617?
7
What is the hundreds digit of 58854817?
8
What is the thousands digit of 110577073?
7
What is the hundreds digit of 88850588?
5
What is the ten thousands digit of 851399589?
9
What is the units digit of 4258804932?
2
What is the hundred thousands digit of 122062555?
0
What is the ten thousands digit of 82929247?
2
What is the hundred millions digit of 103790159?
1
What is the hundred thousands digit of 207889709?
8
What is the ten thousands digit of 102449360?
4
What is the ten millions digit of 615558626?
1
What is the ten millions digit of 4485444003?
8
What is the ten thousands digit of 34850552?
5
What is the ten millions digit of 51048132?
5
What is the hundreds digit of 55137211?
2
What is the ten millions digit of 150632088?
5
What is the millions digit of 139669845?
9
What is the ten thousands digit of 1126579108?
7
What is the ten millions digit of 54336466?
5
What is the thousands digit of 32476495?
6
What is the thousands digit of 1163469774?
9
What is the ten millions digit of 427570199?
2
What is the hundred millions digit of 1402397539?
4
What is the hundreds digit of 872649194?
1
What is the tens digit of 240015149?
4
What is the hundred thousands digit of 4010505515?
5
What is the ten thousands digit of 324424736?
2
What is the hundred thousands digit of 809918464?
9
What is the ten millions digit of 9450387882?
5
What is the hundred millions digit of 6694855577?
6
What is the millions digit of 14140769?
4
What is the thousands digit of 144355507?
5
What is the hundred thousands digit of 913390558?
3
What is the tens digit of 173475081?
8
What is the units digit of 35530703?
3
What is the hundred millions digit of 447745917?
4
What is the tens digit of 509244593?
9
What is the millions digit of 2599020497?
9
What is the units digit of 522377039?
9
What is the ten millions digit of 1300880427?
0
What is the hundreds digit of 381408486?
4
What is the hundred millions digit of 1628818948?
6
What is the units digit of 81102212?
2
What is the ten thousands digit of 2619114648?
1
What is the hundred thousands digit of 99425109?
4
What is the hundred millions digit of 143770712?
1
What is the millions digit of 2328307292?
8
What is the thousands digit of 79352023?
2
What is the millions digit of 420312744?
0
What is the ten thousands digit of 21831543?
3
What is the units digit of 210017779?
9
What is the thousands digit of 1107004086?
4
What is the units digit of 103039755?
5
What is the millions digit of 758794530?
8
What is the ten millions digit of 577452514?
7
What is the ten thousands digit of 25438308?
3
What is the millions digit of 1131311622?
1
What is the units digit of 233604006?
6
What is the units digit of 62101302?
2
What is the units digit of 112234051?
1
What is the units digit of 1856152958?
8
What is the tens digit of 1092616502?
0
What is the ten thousands digit of 1058271525?
7
What is the ten thousands digit of 257123791?
2
What is the ten millions digit of 1948202603?
4
What is the billions digit of 1221153017?
1
What is the millions digit of 4576813932?
6
What is the ten millions digit of 26708776?
2
What is the thousands digit of 590446419?
6
What is the ten thousands digit of 568399472?
9
What is the hundred thousands digit of 13877481?
8
What is the hundreds digit of 2514267852?
8
What is the units digit of 144598684?
4
What is the thousands digit of 2808358167?
8
What is the ten millions digit of 3393954753?
9
What is the hundred thousands digit of 159509765?
5
What is the ten thousands digit of 1225658461?
5
What is the hundreds digit of 670507537?
5
What is the tens digit of 3671750935?
3
What is the hundreds digit of 158079211?
2
What is the millions digit of 1972495253?
2
What is the thousands digit of 917606429?
6
What is the millions digit of 163501648?
3
What is the hundreds digit of 260908418?
4
What is the millions digit of 53586328?
3
What is the units digit of 239488152?
2
What is the units digit of 437166914?
4
What is the hundred millions digit of 3796055084?
7
What is the hundreds digit of 19432851?
8
What is the units digit of 36601903?
3
What is the hundred thousands digit of 441252795?
2
What is the thousands digit of 123322127?
2
What is the hundred thousands digit of 509343624?
3
What is the hundred thousands digit of 72066564?
0
What is the ten millions digit of 5176653898?
7
What is the tens digit of 2735635108?
0
What is the tens digit of 234210424?
2
What is the hundred thousands digit of 35674173?
6
What is the ten thousands digit of 1403982592?
8
What is the ten thousands digit of 1781936842?
3
What is the millions digit of 863331535?
3
What is the tens digit of 2001086720?
2
What is the millions digit of 282626771?
2
What is the ten thousands digit of 273973827?
7
What is the hundred millions digit of 2902328177?
9
What is the millions digit of 123018191?
3
What is the hundred thousands digit of 554825116?
8
What is the hundred millions digit of 134565413?
1
What is the hundred thousands digit of 48598237?
5
What is the hundred millions digit of 1247352820?
2
What is the billions digit of 1967696252?
1
What is the ten thousands digit of 8852252?
5
What is the thousands digit of 86954639?
4
What is the ten millions digit of 460712993?
6
What is the units digit of 1068482460?
0
What is the ten millions digit of 697914408?
9
What is the hundreds digit of 43381217?
2
What is the ten millions digit of 81804577?
8
What is the millions digit of 162890326?
2
What is the units digit of 1525792844?
4
What is the units digit of 68420581?
1
What is the ten thousands digit of 104619461?
1
What is the thousands digit of 28269147?
9
What is the ten thousands digit of 544508604?
0
What is the hundred thousands digit of 4874428583?
4
What is the hundreds digit of 836080701?
7
What is the thousands digit of 74220669?
0
What is the ten thousands digit of 323087507?
8
What is the thousands digit of 72021402?
1
What